{"id":250,"date":"2015-06-08T18:21:43","date_gmt":"2015-06-08T16:21:43","guid":{"rendered":"http:\/\/la-spatola.de\/?page_id=250"},"modified":"2015-06-08T18:36:41","modified_gmt":"2015-06-08T16:36:41","slug":"marmorino","status":"publish","type":"page","link":"https:\/\/la-spatola.de\/?page_id=250","title":{"rendered":"Marmorino"},"content":{"rendered":"<p>Verschiedene Techniken bieten verschiedene M\u00f6glichkeiten. Lassen Sie sich in einem Gespr\u00e4ch von den M\u00f6glichkeiten begeistern und ich zeige Ihnen, was noch alles mit Ihren 4 W\u00e4nden m\u00f6glich ist.<\/p>\n<ul>\n<li><strong>MARMORINO<\/strong><a href=\"https:\/\/la-spatola.de\/wp-content\/uploads\/2013\/09\/Marmorino.png\"><img loading=\"lazy\" decoding=\"async\" data-attachment-id=\"53\" data-permalink=\"https:\/\/la-spatola.de\/?attachment_id=53\" data-orig-file=\"https:\/\/la-spatola.de\/wp-content\/uploads\/2013\/09\/Marmorino.png\" data-orig-size=\"150,400\" data-comments-opened=\"0\" data-image-meta=\"{&quot;aperture&quot;:&quot;0&quot;,&quot;credit&quot;:&quot;&quot;,&quot;camera&quot;:&quot;&quot;,&quot;caption&quot;:&quot;&quot;,&quot;created_timestamp&quot;:&quot;0&quot;,&quot;copyright&quot;:&quot;&quot;,&quot;focal_length&quot;:&quot;0&quot;,&quot;iso&quot;:&quot;0&quot;,&quot;shutter_speed&quot;:&quot;0&quot;,&quot;title&quot;:&quot;&quot;}\" data-image-title=\"Marmorino\" data-image-description=\"&lt;p&gt;Marmorino&lt;\/p&gt;\n\" data-image-caption=\"&lt;p&gt;Marmorino&lt;\/p&gt;\n\" data-medium-file=\"https:\/\/la-spatola.de\/wp-content\/uploads\/2013\/09\/Marmorino-112x300.png\" data-large-file=\"https:\/\/la-spatola.de\/wp-content\/uploads\/2013\/09\/Marmorino.png\" class=\"size-full wp-image-53 alignright\" src=\"https:\/\/la-spatola.de\/wp-content\/uploads\/2013\/09\/Marmorino.png\" alt=\"Marmorino\" width=\"150\" height=\"400\" srcset=\"https:\/\/la-spatola.de\/wp-content\/uploads\/2013\/09\/Marmorino.png 150w, https:\/\/la-spatola.de\/wp-content\/uploads\/2013\/09\/Marmorino-112x300.png 112w, https:\/\/la-spatola.de\/wp-content\/uploads\/2013\/09\/Marmorino-56x150.png 56w\" sizes=\"(max-width: 150px) 100vw, 150px\" \/><\/a><\/li>\n<\/ul>\n<p>Die Bestandteile von Marmorino sind Kalk, Marmorpulver mit unterschiedlicher K\u00f6rnung und nat\u00fcrliche Mineralien. Durch die K\u00f6rnung entsteht eine\u00a0 weniger strukturierte Marmor\u00e4hnliche Oberfl\u00e4che.<\/p>\n<p>Diese Technik hat einen Steincharakter und kann in verschiedenen Strukturen und Farben ausgef\u00fchrt werden. Durch den Seidenglanz und Marmoreffekt wirkt Marmorino sehr nat\u00fcrlich.<\/p>\n<p>Verwendung findet diese Technik bei Fassaden, Wohnr\u00e4umen, B\u00e4dern und K\u00fcchen.<\/p>\n","protected":false},"excerpt":{"rendered":"<p>Verschiedene Techniken bieten verschiedene M\u00f6glichkeiten. Lassen Sie sich in einem Gespr\u00e4ch von den M\u00f6glichkeiten begeistern und ich zeige Ihnen, was noch alles mit Ihren 4 W\u00e4nden m\u00f6glich ist. MARMORINO Die Bestandteile von Marmorino sind Kalk, Marmorpulver mit unterschiedlicher K\u00f6rnung und nat\u00fcrliche Mineralien. Durch die K\u00f6rnung entsteht eine\u00a0 weniger strukturierte Marmor\u00e4hnliche \u2026 <a class=\"continue-reading-link\" href=\"https:\/\/la-spatola.de\/?page_id=250\"> Continue reading<\/a><\/p>\n","protected":false},"author":1,"featured_media":0,"parent":0,"menu_order":2,"comment_status":"closed","ping_status":"closed","template":"","meta":{"footnotes":""},"jetpack_shortlink":"https:\/\/wp.me\/P3Vwy7-42","jetpack_sharing_enabled":true,"jetpack_likes_enabled":true,"_links":{"self":[{"href":"https:\/\/la-spatola.de\/index.php?rest_route=\/wp\/v2\/pages\/250"}],"collection":[{"href":"https:\/\/la-spatola.de\/index.php?rest_route=\/wp\/v2\/pages"}],"about":[{"href":"https:\/\/la-spatola.de\/index.php?rest_route=\/wp\/v2\/types\/page"}],"author":[{"embeddable":true,"href":"https:\/\/la-spatola.de\/index.php?rest_route=\/wp\/v2\/users\/1"}],"replies":[{"embeddable":true,"href":"https:\/\/la-spatola.de\/index.php?rest_route=%2Fwp%2Fv2%2Fcomments&post=250"}],"version-history":[{"count":4,"href":"https:\/\/la-spatola.de\/index.php?rest_route=\/wp\/v2\/pages\/250\/revisions"}],"predecessor-version":[{"id":263,"href":"https:\/\/la-spatola.de\/index.php?rest_route=\/wp\/v2\/pages\/250\/revisions\/263"}],"wp:attachment":[{"href":"https:\/\/la-spatola.de\/index.php?rest_route=%2Fwp%2Fv2%2Fmedia&parent=250"}],"curies":[{"name":"wp","href":"https:\/\/api.w.org\/{rel}","templated":true}]}}